{"id":23,"date":"2025-08-18T09:16:36","date_gmt":"2025-08-18T09:16:36","guid":{"rendered":"http:\/\/wlu15www411.webland.ch\/?page_id=23"},"modified":"2025-10-09T09:19:12","modified_gmt":"2025-10-09T09:19:12","slug":"lienhard-treuhamd-gmbh","status":"publish","type":"page","link":"https:\/\/www.lienhardtreuhand.ch\/","title":{"rendered":"Lienhard Treuhand GmbH"},"content":{"rendered":"\t\t<div data-elementor-type=\"wp-post\" data-elementor-id=\"23\" class=\"elementor elementor-23\">\n\t\t\t\t<div class=\"elementor-element elementor-element-db49889 e-con-full e-flex e-con e-parent\" data-id=\"db49889\" data-element_type=\"container\">\n\t\t\t\t<div class=\"elementor-element elementor-element-432fa32 elementor-widget elementor-widget-menu-anchor\" data-id=\"432fa32\" data-element_type=\"widget\" data-widget_type=\"menu-anchor.default\">\n\t\t\t\t\t\t\t<div class=\"elementor-menu-anchor\" id=\"person\"><\/div>\n\t\t\t\t\t\t<\/div>\n\t\t\t\t<div class=\"elementor-element elementor-element-20e0702 elementor-widget elementor-widget-image\" data-id=\"20e0702\" data-element_type=\"widget\" data-widget_type=\"image.default\">\n\t\t\t\t\t\t\t\t\t\t\t\t\t\t\t<img decoding=\"async\" src=\"https:\/\/www.lienhardtreuhand.ch\/wp-content\/uploads\/2025\/08\/FotoliaComp_88922803_Os70oHlzWYU6rUtNj9HYOb2q2YSPbjXq_NW40.png\" title=\"FotoliaComp_88922803_Os70oHlzWYU6rUtNj9HYOb2q2YSPbjXq_NW40\" alt=\"FotoliaComp_88922803_Os70oHlzWYU6rUtNj9HYOb2q2YSPbjXq_NW40\" loading=\"lazy\" \/>\t\t\t\t\t\t\t\t\t\t\t\t\t\t\t<\/div>\n\t\t\t\t<\/div>\n\t\t<div class=\"elementor-element elementor-element-60eb8aa e-con-full e-flex e-con e-parent\" data-id=\"60eb8aa\" data-element_type=\"container\">\n\t\t\t\t<div class=\"elementor-element elementor-element-1644569 elementor-widget elementor-widget-menu-anchor\" data-id=\"1644569\" data-element_type=\"widget\" data-widget_type=\"menu-anchor.default\">\n\t\t\t\t\t\t\t<div class=\"elementor-menu-anchor\" id=\"person\"><\/div>\n\t\t\t\t\t\t<\/div>\n\t\t\t\t<div class=\"elementor-element elementor-element-5c0f352 elementor-widget elementor-widget-heading\" data-id=\"5c0f352\" data-element_type=\"widget\" data-widget_type=\"heading.default\">\n\t\t\t\t\t<h1 class=\"elementor-heading-title elementor-size-default\"><strong>Pia Lienhard<\/strong><br>Ihre Vertrauens&shy;partnerin<\/h1>\t\t\t\t<\/div>\n\t\t\t\t<div class=\"elementor-element elementor-element-61a12ee elementor-hidden-mobile elementor-widget elementor-widget-text-editor\" data-id=\"61a12ee\" data-element_type=\"widget\" data-widget_type=\"text-editor.default\">\n\t\t\t\t\t\t\t\t\t<p>Als ausgebildete und erfahrene Treuh\u00e4nderin mit eidg. Fachausweis stehe ich Ihnen mit meiner Fachkompetenz gerne zur Verf\u00fcgung. Ich biete Privatpersonen und KMU eine umfassende Beratung und Betreuung im Bereich Buchhaltung, Personal und Steuern. Meine Dienstleistungen kann ich exakt auf Ihre Bed\u00fcrfnisse abstimmen. Das pers\u00f6nliche und kundennahe Verh\u00e4ltnis ist mir \u00e4usserst wichtig. Durch die Mitgliedschaft bei TREUHAND|SUISSE Sektion Z\u00fcrich verpflichte ich mich, zuverl\u00e4ssig, verantwortungsvoll und seri\u00f6s zu arbeiten.<\/p>\t\t\t\t\t\t\t\t<\/div>\n\t\t\t\t<div class=\"elementor-element elementor-element-bb60f0f flow-3 elementor-hidden-desktop elementor-hidden-tablet elementor-widget elementor-widget-text-editor\" data-id=\"bb60f0f\" data-element_type=\"widget\" data-widget_type=\"text-editor.default\">\n\t\t\t\t\t\t\t\t\t<p>Als ausgebildete und erfahrene Treuh\u00e4nderin mit eidg. Fachausweis stehe ich Ihnen mit meiner Fachkompetenz gerne zur Verf\u00fcgung. Ich biete Privatpersonen und KMU eine umfassende Beratung und Betreuung im Bereich Buchhaltung, Personal und Steuern. Meine Dienstleistungen kann ich exakt auf Ihre Bed\u00fcrfnisse abstimmen. Das pers\u00f6nliche und kundennahe Verh\u00e4ltnis ist mir \u00e4usserst wichtig. Durch die Mitgliedschaft bei TREUHAND|SUISSE Sektion Z\u00fcrich verpflichte ich mich, zuverl\u00e4ssig, verantwortungsvoll und seri\u00f6s zu arbeiten.<\/p>\t\t\t\t\t\t\t\t<\/div>\n\t\t\t\t<\/div>\n\t\t<div class=\"elementor-element elementor-element-2ce468c e-con-full e-flex e-con e-parent\" data-id=\"2ce468c\" data-element_type=\"container\">\n\t\t\t\t<div class=\"elementor-element elementor-element-63b58df elementor-widget elementor-widget-text-editor\" data-id=\"63b58df\" data-element_type=\"widget\" data-widget_type=\"text-editor.default\">\n\t\t\t\t\t\t\t\t\t<p>Als Treuh\u00e4nderin bin ich viel mehr als Verwalterin von Zahlen und Dokumenten. <br \/>F\u00fcr meine Mandantin und meinen Mandanten fungiere ich als zentraler Pfeiler.\u00a0<br \/>Ich bin Vertrauensperson, Beraterin, Probleml\u00f6serin und Sparringpartnerin; und das alles aus \u00dcberzeugung.<\/p>\t\t\t\t\t\t\t\t<\/div>\n\t\t\t\t<div class=\"elementor-element elementor-element-9792a6b elementor-widget elementor-widget-menu-anchor\" data-id=\"9792a6b\" data-element_type=\"widget\" data-widget_type=\"menu-anchor.default\">\n\t\t\t\t\t\t\t<div class=\"elementor-menu-anchor\" id=\"kompetenz\"><\/div>\n\t\t\t\t\t\t<\/div>\n\t\t\t\t<\/div>\n\t\t<div class=\"elementor-element elementor-element-2e98080 e-flex e-con-boxed e-con e-parent\" data-id=\"2e98080\" data-element_type=\"container\">\n\t\t\t\t\t<div class=\"e-con-inner\">\n\t\t\t\t<div class=\"elementor-element elementor-element-81b6e6a elementor-widget elementor-widget-heading\" data-id=\"81b6e6a\" data-element_type=\"widget\" data-widget_type=\"heading.default\">\n\t\t\t\t\t<h1 class=\"elementor-heading-title elementor-size-default\">Kompetenz<\/h1>\t\t\t\t<\/div>\n\t\t<div class=\"elementor-element elementor-element-2c7f4f1 e-con-full e-grid e-con e-child\" data-id=\"2c7f4f1\" data-element_type=\"container\">\n\t\t\t\t<div class=\"elementor-element elementor-element-73718a7 elementor-widget elementor-widget-text-editor\" data-id=\"73718a7\" data-element_type=\"widget\" data-widget_type=\"text-editor.default\">\n\t\t\t\t\t\t\t\t\t<p class=\"list-title\"><strong>Treuhand &amp; Buchhaltung<\/strong><\/p><ul class=\"bp\"><li>Allgemeine Buchf\u00fchrung, auch vor Ort beim Kunden, mit allen markt\u00fcblichen Programmen<\/li><li>MWST-Abrechnungen<\/li><li>Erstellen und optimieren von Zwischen- und Jahresabschl\u00fcssen<\/li><li>Abschlussberatung<\/li><li>Beratung und Unterst\u00fctzung bei selbstst\u00e4ndiger Buchf\u00fchrung<\/li><li>Zahlungsverkehr<\/li><\/ul>\t\t\t\t\t\t\t\t<\/div>\n\t\t\t\t<div class=\"elementor-element elementor-element-d5b0a05 elementor-widget elementor-widget-text-editor\" data-id=\"d5b0a05\" data-element_type=\"widget\" data-widget_type=\"text-editor.default\">\n\t\t\t\t\t\t\t\t\t<p class=\"list-title\"><strong>Personaladministration<\/strong><\/p>\n\n<ul class=\"bp\">\n \t<li>F\u00fchren der Lohnbuchhaltung<\/li>\n \t<li>Abwicklung der Sozialversicherungen<\/li>\n \t<li>Quellensteuerabrechnungen\nJahresabrechnung inkl. Deklaration Sozialversicherungen<\/li>\n \t<li>Erstellen der Lohnausweisen<\/li>\n \t<li>Ausarbeiten von Arbeitsvertr\u00e4gen, K\u00fcndigungen, Zeugnissen<\/li>\n \t<li>Beratung Arbeits- und Sozialversicherungsrecht<\/li>\n<\/ul>\t\t\t\t\t\t\t\t<\/div>\n\t\t\t\t<div class=\"elementor-element elementor-element-1590fdc elementor-widget elementor-widget-text-editor\" data-id=\"1590fdc\" data-element_type=\"widget\" data-widget_type=\"text-editor.default\">\n\t\t\t\t\t\t\t\t\t<p class=\"list-title\"><strong>Steuern<\/strong><\/p><ul class=\"bp\"><li>Steuererkl\u00e4rungen f\u00fcr private und<br \/>juristische Personen<\/li><li>Pr\u00fcfung von Steuerrechnungen, Veranlagungen und Einsch\u00e4tzungen<\/li><li>Steuerplanung und \u2013optimierung<\/li><li>Verhandlungen mit Steuerbeh\u00f6rden<\/li><li>Mehrwertsteuerberatung<\/li><li>Deklarationen f\u00fcr Grundst\u00fcckgewinnsteuer und Verrechnungssteuer<\/li><\/ul>\t\t\t\t\t\t\t\t<\/div>\n\t\t\t\t<\/div>\n\t\t\t\t\t<\/div>\n\t\t\t\t<\/div>\n\t\t<div class=\"elementor-element elementor-element-94b8e93 e-con-full e-flex e-con e-parent\" data-id=\"94b8e93\" data-element_type=\"container\">\n\t\t<div class=\"elementor-element elementor-element-e3aed11 e-con-full e-flex e-con e-child\" data-id=\"e3aed11\" data-element_type=\"container\">\n\t\t\t\t<div class=\"elementor-element elementor-element-9097d3a elementor-widget elementor-widget-image\" data-id=\"9097d3a\" data-element_type=\"widget\" data-widget_type=\"image.default\">\n\t\t\t\t\t\t\t\t\t\t\t\t\t\t\t\t<a href=\"https:\/\/www.kmsk.ch\/Foerderverein\/beirat.php\" target=\"_blank\">\n\t\t\t\t\t\t\t<img decoding=\"async\" src=\"https:\/\/www.lienhardtreuhand.ch\/wp-content\/uploads\/elementor\/thumbs\/logo_kmsk-rag75xvu13s6jpyvrhkyncemkz0iagfwr40ee2lsgs.png\" title=\"logo_kmsk\" alt=\"logo_kmsk\" loading=\"lazy\" \/>\t\t\t\t\t\t\t\t<\/a>\n\t\t\t\t\t\t\t\t\t\t\t\t\t\t\t<\/div>\n\t\t\t\t<div class=\"elementor-element elementor-element-4e7a304 elementor-widget elementor-widget-menu-anchor\" data-id=\"4e7a304\" data-element_type=\"widget\" data-widget_type=\"menu-anchor.default\">\n\t\t\t\t\t\t\t<div class=\"elementor-menu-anchor\" id=\"partnerschaft\"><\/div>\n\t\t\t\t\t\t<\/div>\n\t\t\t\t<\/div>\n\t\t<div class=\"elementor-element elementor-element-7dc2824 e-con-full e-flex e-con e-child\" data-id=\"7dc2824\" data-element_type=\"container\">\n\t\t\t\t<div class=\"elementor-element elementor-element-18c26f0 elementor-widget elementor-widget-text-editor\" data-id=\"18c26f0\" data-element_type=\"widget\" data-widget_type=\"text-editor.default\">\n\t\t\t\t\t\t\t\t\t<p>Es macht mich gl\u00fccklich, zu sehen, wie sich der F\u00f6rderverein f\u00fcr Kinder mit seltenen Krankheiten f\u00fcr betroffene Familien einsetzt. <br \/>Ich m\u00f6chte meinen Teil dazu beitragen. Gemeinsam k\u00f6nnen wir vielen Familien und ihren Kindern Gl\u00fccksmomente schenken, betroffene Familien zusammenf\u00fchren und wo n\u00f6tig finanzielle Unterst\u00fctzung leisten.<\/p><p><strong>Pia Lienhard<\/strong><br \/>Beir\u00e4tin, F\u00f6rderverein f\u00fcr Kinder mit seltenen Krankheiten<\/p>\t\t\t\t\t\t\t\t<\/div>\n\t\t\t\t<\/div>\n\t\t\t\t<\/div>\n\t\t<div class=\"elementor-element elementor-element-9fd8083 e-flex e-con-boxed e-con e-parent\" data-id=\"9fd8083\" data-element_type=\"container\" id=\"#partnerschaft\">\n\t\t\t\t\t<div class=\"e-con-inner\">\n\t\t\t\t<div class=\"elementor-element elementor-element-c7330fe elementor-widget elementor-widget-heading\" data-id=\"c7330fe\" data-element_type=\"widget\" data-widget_type=\"heading.default\">\n\t\t\t\t\t<h1 class=\"elementor-heading-title elementor-size-default\">Partnerschaft<\/h1>\t\t\t\t<\/div>\n\t\t<div class=\"elementor-element elementor-element-7f5fc99 e-con-full e-grid e-con e-child\" data-id=\"7f5fc99\" data-element_type=\"container\">\n\t\t\t\t<div class=\"elementor-element elementor-element-aefc870 elementor-widget elementor-widget-text-editor\" data-id=\"aefc870\" data-element_type=\"widget\" data-widget_type=\"text-editor.default\">\n\t\t\t\t\t\t\t\t\t<p><strong>Ihr Partner f\u00fcr Treuhandangelegenheiten<\/strong><br \/>Bischof Treuhand &amp; Beratung AG<br \/>Stationsstrasse 2 | 8155 Niederhasli<br \/>Telefon +41 43 411 11 44 | <a href=\"mailto:info@bischoftreuhand.ch\">info@bischoftreuhand.ch<\/a><\/p>\t\t\t\t\t\t\t\t<\/div>\n\t\t\t\t<div class=\"elementor-element elementor-element-f04f33d elementor-widget elementor-widget-text-editor\" data-id=\"f04f33d\" data-element_type=\"widget\" data-widget_type=\"text-editor.default\">\n\t\t\t\t\t\t\t\t\t<p><strong>Ihr Partner f\u00fcr innovative Quartierentwicklungen<\/strong><br \/>POSITION Beratung &amp; Support GmbH<br \/>Im Chrummenacher 36 | 8315 Lindau<br \/>Telefon +41 79 778 28 30 | <a href=\"mailto:info@position-gmbh.ch\">info@position-gmbh.ch<\/a><\/p>\t\t\t\t\t\t\t\t<\/div>\n\t\t\t\t<\/div>\n\t\t\t\t<div class=\"elementor-element elementor-element-6d3a2d1 elementor-widget elementor-widget-heading\" data-id=\"6d3a2d1\" data-element_type=\"widget\" data-widget_type=\"heading.default\">\n\t\t\t\t\t<h4 class=\"elementor-heading-title elementor-size-default\">Hier finden Sie mich:<\/h4>\t\t\t\t<\/div>\n\t\t\t\t\t<\/div>\n\t\t\t\t<\/div>\n\t\t<div class=\"elementor-element elementor-element-82e6ef6 e-con-full e-flex e-con e-parent\" data-id=\"82e6ef6\" data-element_type=\"container\" id=\"karte-box\">\n\t\t\t\t<div class=\"elementor-element elementor-element-4ac87e5 elementor-widget elementor-widget-image\" data-id=\"4ac87e5\" data-element_type=\"widget\" id=\"karte-img\" data-widget_type=\"image.default\">\n\t\t\t\t\t\t\t\t\t\t\t\t\t\t\t<img decoding=\"async\" src=\"https:\/\/www.lienhardtreuhand.ch\/wp-content\/uploads\/elementor\/thumbs\/chrummenacher-1-rahr4zenjjrahspcz51t9n3ayu0vxzkwt3ndg3i3lw.png\" title=\"chrummenacher\" alt=\"chrummenacher\" loading=\"lazy\" \/>\t\t\t\t\t\t\t\t\t\t\t\t\t\t\t<\/div>\n\t\t\t\t<div class=\"elementor-element elementor-element-df2e705 elementor-widget elementor-widget-image\" data-id=\"df2e705\" data-element_type=\"widget\" data-widget_type=\"image.default\">\n\t\t\t\t\t\t\t\t\t\t\t\t\t\t\t\t<a href=\"https:\/\/www.google.com\/maps\/search\/?api=1&#038;query=Im+Chrummenacher+36,+8315+Lindau\" target=\"_blank\">\n\t\t\t\t\t\t\t<img decoding=\"async\" src=\"https:\/\/www.lienhardtreuhand.ch\/wp-content\/uploads\/elementor\/thumbs\/google-button-raj24qb3zpp76u99s4605u6a3mgd5fiq2yirogmxdg.png\" title=\"google-button\" alt=\"google-button\" loading=\"lazy\" \/>\t\t\t\t\t\t\t\t<\/a>\n\t\t\t\t\t\t\t\t\t\t\t\t\t\t\t<\/div>\n\t\t\t\t<div class=\"elementor-element elementor-element-3e65e1a elementor-widget elementor-widget-menu-anchor\" data-id=\"3e65e1a\" data-element_type=\"widget\" data-widget_type=\"menu-anchor.default\">\n\t\t\t\t\t\t\t<div class=\"elementor-menu-anchor\" id=\"kontakt\"><\/div>\n\t\t\t\t\t\t<\/div>\n\t\t\t\t<\/div>\n\t\t<div class=\"elementor-element elementor-element-f3c407e e-flex e-con-boxed e-con e-parent\" data-id=\"f3c407e\" data-element_type=\"container\">\n\t\t\t\t\t<div class=\"e-con-inner\">\n\t\t\t\t<div class=\"elementor-element elementor-element-8a11f17 elementor-widget elementor-widget-heading\" data-id=\"8a11f17\" data-element_type=\"widget\" data-widget_type=\"heading.default\">\n\t\t\t\t\t<h1 class=\"elementor-heading-title elementor-size-default\">Kontakt<\/h1>\t\t\t\t<\/div>\n\t\t<div class=\"elementor-element elementor-element-811eeff e-con-full e-grid e-con e-child\" data-id=\"811eeff\" data-element_type=\"container\">\n\t\t\t\t<div class=\"elementor-element elementor-element-34296b3 elementor-widget elementor-widget-text-editor\" data-id=\"34296b3\" data-element_type=\"widget\" data-widget_type=\"text-editor.default\">\n\t\t\t\t\t\t\t\t\t<p><strong>Lienhard Treuhand GmbH<\/strong><br \/>Im Chrummenacher 36<br \/>8315 Lindau<br \/>Telefon: +41 52 345 32 32<br \/><a href=\"mailto:pia.lienhard@lienhardtreuhand.ch\">pia.lienhard@lienhardtreuhand.ch<\/a><\/p>\t\t\t\t\t\t\t\t<\/div>\n\t\t\t\t<\/div>\n\t\t\t\t\t<\/div>\n\t\t\t\t<\/div>\n\t\t\t\t<\/div>\n\t\t","protected":false},"excerpt":{"rendered":"<p>Pia LienhardIhre Vertrauens&shy;partnerin Als ausgebildete und erfahrene Treuh\u00e4nderin mit eidg. Fachausweis stehe ich Ihnen mit meiner Fachkompetenz gerne zur Verf\u00fcgung. Ich biete Privatpersonen und KMU eine umfassende Beratung und Betreuung im Bereich Buchhaltung, Personal und Steuern. Meine Dienstleistungen kann ich exakt auf Ihre Bed\u00fcrfnisse abstimmen. Das pers\u00f6nliche und kundennahe Verh\u00e4ltnis ist mir \u00e4usserst wichtig. Durch &#8230; <a title=\"Lienhard Treuhand GmbH\" class=\"read-more\" href=\"https:\/\/www.lienhardtreuhand.ch\/\" aria-label=\"Mehr Informationen \u00fcber Lienhard Treuhand GmbH\">Weiterlesen<\/a><\/p>\n","protected":false},"author":1,"featured_media":0,"parent":0,"menu_order":0,"comment_status":"closed","ping_status":"closed","template":"elementor_header_footer","meta":{"footnotes":""},"class_list":["post-23","page","type-page","status-publish"],"_links":{"self":[{"href":"https:\/\/www.lienhardtreuhand.ch\/index.php\/wp-json\/wp\/v2\/pages\/23","targetHints":{"allow":["GET"]}}],"collection":[{"href":"https:\/\/www.lienhardtreuhand.ch\/index.php\/wp-json\/wp\/v2\/pages"}],"about":[{"href":"https:\/\/www.lienhardtreuhand.ch\/index.php\/wp-json\/wp\/v2\/types\/page"}],"author":[{"embeddable":true,"href":"https:\/\/www.lienhardtreuhand.ch\/index.php\/wp-json\/wp\/v2\/users\/1"}],"replies":[{"embeddable":true,"href":"https:\/\/www.lienhardtreuhand.ch\/index.php\/wp-json\/wp\/v2\/comments?post=23"}],"version-history":[{"count":338,"href":"https:\/\/www.lienhardtreuhand.ch\/index.php\/wp-json\/wp\/v2\/pages\/23\/revisions"}],"predecessor-version":[{"id":712,"href":"https:\/\/www.lienhardtreuhand.ch\/index.php\/wp-json\/wp\/v2\/pages\/23\/revisions\/712"}],"wp:attachment":[{"href":"https:\/\/www.lienhardtreuhand.ch\/index.php\/wp-json\/wp\/v2\/media?parent=23"}],"curies":[{"name":"wp","href":"https:\/\/api.w.org\/{rel}","templated":true}]}}